the highest common divisor of 82 and 304406878?
82
Calculate the greatest common divisor of 7985730 and 9045.
1005
Calculate the greatest common factor of 1978 and 1618778.
86
Calculate the highest common divisor of 11914 and 865858.
322
What is the highest common divisor of 36984 and 2354514?
402
What is the highest common divisor of 610064 and 576?
16
What is the greatest common divisor of 29220209 and 101?
101
What is the highest common divisor of 134387 and 202692247?
12217
Calculate the highest common factor of 2804427236 and 1352.
676
What is the greatest common divisor of 226567505 and 10?
5
What is the highest common factor of 3092 and 662716?
4
What is the highest common factor of 1389264 and 46247?
103
Calculate the greatest common factor of 22192 and 39433797.
1387
What is the greatest common factor of 51 and 69068841?
51
Calculate the highest common divisor of 7210 and 92624.
14
What is the highest common factor of 92199306 and 132?
6
Calculate the greatest common factor of 115 and 62910750.
115
Calculate the greatest common divisor of 5964 and 5516.
28
What is the highest common divisor of 799085 and 287955?
395
What is the greatest common factor of 53251231 and 3903?
1301
What is the highest common factor of 989 and 87161?
43
What is the highest common divisor of 1240980 and 23478?
3354
Calculate the greatest common factor of 13134654 and 40950.
234
What is the highest common divisor of 29540 and 21228710?
2110
Calculate the highest common factor of 1144086593 and 29588.
7397
Calculate the greatest common divisor of 25502 and 200203.
41
Calculate the highest common factor of 1365 and 334536475.
455
What is the highest common factor of 3014686 and 3108?
74
What is the highest common divisor of 9548 and 94415398?
4774
What is the highest common divisor of 14539650 and 7050?
150
Calculate the highest common divisor of 90087 and 17685.
3
Calculate the greatest common factor of 7125326 and 790.
158
Calculate the highest common divisor of 3359673 and 6.
3
What is the highest common factor of 25213963 and 524?
131
What is the greatest common factor of 121312 and 74528?
544
What is the highest common divisor of 316076 and 992?
124
Calculate the highest common divisor of 4512446 and 7548.
1258
Calculate the highest common factor of 4561406085 and 17.
17
Calculate the highest common factor of 143637 and 49764.
1131
What is the greatest common divisor of 194 and 13085203?
97
What is the highest common factor of 2620701 and 2781?
27
What is the greatest common factor of 1065 and 53101681?
71
What is the greatest common factor of 21988506 and 966?
138
What is the highest common divisor of 1494 and 94582206?
18
Calculate the greatest common factor of 1024593650 and 5290.
5290
Calculate the highest common divisor of 78624 and 655776.
864
Calculate the greatest common divisor of 56716422 and 8890.
1778
Calculate the greatest common divisor of 2408 and 1203342.
14
Calculate the greatest common factor of 115490 and 2535.
5
What is the highest common factor of 34408 and 164285688?
3128
Calculate the greatest common divisor of 6241030 and 120.
10
What is the greatest common factor of 69614126 and 446304?
9298
Calculate the greatest common divisor of 13486 and 20205706.
1226
Calculate the greatest common divisor of 2227 and 2038229.
131
What is the greatest common factor of 38020101 and 42?
21
What is the greatest common divisor of 169371 and 532508?
697
What is the highest common divisor of 714792753 and 12108?
3027
What is the highest common divisor of 1466438 and 1916428?
5294
What is the highest common divisor of 7530 and 458340?
30
What is the greatest common factor of 18 and 152450466?
6
What is the greatest common factor of 12523628 and 3656?
1828
What is the greatest common divisor of 15487362 and 627?
33
Calculate the highest common factor of 583 and 6439553.
53
What is the highest common factor of 11020 and 205671770?
5510
Calculate the greatest common divisor of 10068 and 6753111.
2517
Calculate the greatest common factor of 36286988 and 186.
62
Calculate the greatest common factor of 313104585 and 60.
15
Calculate the highest common factor of 843 and 44067263.
281
What is the highest common divisor of 205432 and 1184?
8
Calculate the highest common factor of 21430 and 5030.
10
What is the greatest common divisor of 2779725 and 650?
325
Calculate the greatest common divisor of 45913754 and 596.
298
What is the highest common factor of 8788 and 1643980?
52
What is the greatest common factor of 1260 and 1715280?
420
Calculate the highest common divisor of 4706 and 601380.
26
What is the greatest common factor of 575966 and 105754?
874
Calculate the highest common factor of 22381535 and 3410.
1705
Calculate the highest common divisor of 29995956 and 153.
153
Calculate the greatest common factor of 10858690 and 3762.
38
What is the highest common divisor of 304 and 10782728?
152
What is the highest common factor of 387 and 2519241?
129
Calculate the highest common factor of 124 and 149156004.
124
What is the greatest common divisor of 8536 and 18008?
8
Calculate the highest common divisor of 27090475 and 2775.
925
What is the highest common divisor of 57704 and 2012?
4
What is the greatest common factor of 2560 and 38347520?
1280
What is the highest common divisor of 16522 and 22286?
22
What is the greatest common divisor of 3599155 and 238?
119
Calculate the highest common factor of 532344 and 361128.
984
Calculate the highest common divisor of 22 and 321350194.
22
What is the highest common divisor of 41415 and 1140?
15
Calculate the greatest common divisor of 66555147 and 18.
3
Calculate the highest common divisor of 10836036 and 2070.
414
What is the greatest common factor of 855 and 7521093?
171
What is the greatest common factor of 16 and 157827448?
8
Calculate the greatest common factor of 17843 and 9009.
7
Calculate the highest common factor of 47586 and 17624838.
462
What is the highest common divisor of 13707923 and 261?
29
What is the highest common factor of 5484 and 28463331?
1371
Calculate the highest common factor of 80598 and 53126.
202
What is the greatest common divisor of 2084770791 and 162?
81
Calculate the greatest common divisor of 3 and 22237299.
3
What is the greatest common divisor of 4071 and 1351848?
69
What is the greatest common factor of 197727 and 53601?
51
Calculate the greatest common divisor of 18683 and 19657185.
2669
What is the greatest common divisor of 138 and 164554116?
6
Calculate the greatest common factor of 122655 and 1750359.
1443
What is the highest common factor of 1079735 and 861?
41
Calculate the highest common divisor of 1600619 and 131.
1
Calculate the greatest common factor of 2910 and 2618515.
485
Calculate the highest common factor of 845512 and 544.
136
What is the greatest common factor of 47010902 and 38?
38
What is the greatest common divisor of 4740 and 11328360?
60
What is the greatest common factor of 2912 and 3765762?
182
What is the greatest common divisor of 10820420 and 2860?
260
What is the greatest common factor of 60162 and 5491815?
813
What is the highest common factor of 1687250 and 6625?
125
Calculate the highest common divisor of 57 and 1461953651.
19
Calculate the highest common divisor of 11919414 and 25755.
5151
Calculate the greatest common divisor of 55882920 and 600.
120
Calculate the highest common divisor of 14672 and 3660048.
112
Calculate the greatest common divisor of 278 and 496406.
2
Calculate the greatest common divisor of 31736047 and 6993.
259
Calculate the greatest common factor of 50 and 8846.
2
Calculate the greatest common divisor of 30257 and 185755.
383
Calculate the greatest common factor of 1180 and 748940.
20
Calculate the highest common divisor of 3598237 and 17.
17
What is the highest common divisor of 39336145 and 6265?
895
Calculate the greatest common divisor of 45 and 55040.
5
Calculate the greatest common divisor of 84 and 39181884.
84
Calculate the greatest common divisor of 3993946 and 110.
22
What is the greatest common factor of 76635 and 30446?
13
What is the highest common divisor of 3979616 and 17440?
32
What is the highest common divisor of 603178 and 6876?
382
Calculate the highest common divisor of 3112 and 4337350.
778
What i